{"id":1073,"date":"2015-05-22T05:49:00","date_gmt":"2015-05-22T05:49:00","guid":{"rendered":"http:\/\/partycypacjaobywatelska.pl\/forum-2015\/?page_id=1073"},"modified":"2015-06-17T22:41:21","modified_gmt":"2015-06-17T22:41:21","slug":"partycypacja-w-rewitalizacji","status":"publish","type":"page","link":"https:\/\/partycypacjaobywatelska.pl\/forum-2015\/partycypacja-w-rewitalizacji\/","title":{"rendered":"Partycypacja w rewitalizacji"},"content":{"rendered":"<p><span style=\"color: #808080\">Prowadz\u0105cy:<\/span><\/p>\n<p>Aleksandra D\u0119bska-Cenian, Pomorski Park Naukowo Technologiczny \/\/ Innowacje Spo\u0142eczne Gdynia<br \/>\nPawe\u0142 Ko\u0142acz, Pracownia Zr\u00f3wnowa\u017conego Rozwoju<\/p>\n<p><span style=\"color: #808080\">Termin:<\/span> 1 dzie\u0144 (28 maja, czwartek), godz. 15:45-17:45<\/p>\n<p><span style=\"color: #808080\">Miejsce:<\/span> III pi\u0119tro, strefa H<\/p>\n<p><span style=\"color: #808080\">Formu\u0142a sesji:\u00a0<\/span>sesja dyskusyjna<\/p>\n<p>&nbsp;<\/p>\n<p>Wiele obszar\u00f3w miejskich w Polsce wci\u0105\u017c mo\u017cna okre\u015bli\u0107 mianem obszar\u00f3w zdegradowanych. Wymagaj\u0105 one kompleksowej i skutecznej rewitalizacji. Dlatego na realizacj\u0119 dzia\u0142a\u0144 zwi\u0105zanych z rewitalizacj\u0105 przeznaczono miliard\u00f3w z\u0142otych, poprzez r\u00f3\u017cne programy wsparcia, w tym tak\u017ce tych, kt\u00f3re w najbli\u017cszych latach b\u0119d\u0105 wsp\u00f3\u0142finansowanego ze \u015brodk\u00f3w unijnych.<\/p>\n<p>Jednocze\u015bnie, trwaj\u0105 prace nad d\u0142ugo oczekiwanym projektem Ustawy o Rewitalizacji. Partycypacja stanie si\u0119 z mocy prawa integraln\u0105 cz\u0119\u015bci\u0105 rewitalizacji, a tym samym elementem polityk miejskich, do kt\u00f3rego zobowi\u0105zane zostan\u0105 polskie samorz\u0105dy.<\/p>\n<p>Nowe \u201cGminne Programy Rewitalizacji\u201d musz\u0105 opiera\u0107 si\u0119 o precyzyjn\u0105 diagnoz\u0119 potrzeb mieszka\u0144c\u00f3w. Dopiero na jej podstawie b\u0119d\u0105 wyznaczane obszary do rewitalizacji. Kluczow\u0105 zmian\u0105 w stosunku do poprzedniego tzw. okresu finansowania jest konieczno\u015b\u0107 w\u0142\u0105czenia mieszka\u0144c\u00f3w w\u0142a\u015bciwie na ka\u017cdym etapie tworzenia program\u00f3w.<\/p>\n<p>Dlatego tak wa\u017cna staje si\u0119 pytanie jak w\u0142\u0105cza\u0107 mieszka\u0144c\u00f3w w procesy zmian? Co to praktycznie oznacza? Czy rewitalizacja wymaga jaki\u015b \u201especyficznych narz\u0119dzi partycypacji\u201d? Jak\u0105 rol\u0119 w procesie odgrywaj\u0105 mieszka\u0144cy, lokalni partnerzy, sektor pozarz\u0105dowy, lokalne w\u0142adze? Jak spe\u0142ni\u0107 wymogi ustawy?<\/p>\n<p><a href=\"http:\/\/partycypacjaobywatelska.pl\/forum-2015\/program\/\">Powr\u00f3t do programu Forum<\/a><\/p>\n<div id='gallery-1' class='gallery galleryid-1073 gallery-columns-3 gallery-size-thumbnail'><dl class='gallery-item'>\n\t\t\t<dt class='gallery-icon landscape'>\n\t\t\t\t<a href='https:\/\/partycypacjaobywatelska.pl\/forum-2015\/partycypacja-w-rewitalizacji\/_j2a0028-2\/'><img width=\"150\" height=\"150\" src=\"https:\/\/partycypacjaobywatelska.pl\/forum-2015\/wp-content\/uploads\/sites\/3\/2015\/05\/J2A0028-150x150.jpg\" class=\"attachment-thumbnail size-thumbnail\" alt=\"\" loading=\"lazy\" \/><\/a>\n\t\t\t<\/dt><\/dl><dl class='gallery-item'>\n\t\t\t<dt class='gallery-icon landscape'>\n\t\t\t\t<a href='https:\/\/partycypacjaobywatelska.pl\/forum-2015\/partycypacja-w-rewitalizacji\/_j2a0032\/'><img width=\"150\" height=\"150\" src=\"https:\/\/partycypacjaobywatelska.pl\/forum-2015\/wp-content\/uploads\/sites\/3\/2015\/05\/J2A0032-150x150.jpg\" class=\"attachment-thumbnail size-thumbnail\" alt=\"\" loading=\"lazy\" \/><\/a>\n\t\t\t<\/dt><\/dl><dl class='gallery-item'>\n\t\t\t<dt class='gallery-icon landscape'>\n\t\t\t\t<a href='https:\/\/partycypacjaobywatelska.pl\/forum-2015\/partycypacja-w-rewitalizacji\/_j2a0001\/'><img width=\"150\" height=\"150\" src=\"https:\/\/partycypacjaobywatelska.pl\/forum-2015\/wp-content\/uploads\/sites\/3\/2015\/05\/J2A0001-150x150.jpg\" class=\"attachment-thumbnail size-thumbnail\" alt=\"\" loading=\"lazy\" \/><\/a>\n\t\t\t<\/dt><\/dl><br style=\"clear: both\" \/><dl class='gallery-item'>\n\t\t\t<dt class='gallery-icon landscape'>\n\t\t\t\t<a href='https:\/\/partycypacjaobywatelska.pl\/forum-2015\/partycypacja-w-rewitalizacji\/_j2a0125\/'><img width=\"150\" height=\"150\" src=\"https:\/\/partycypacjaobywatelska.pl\/forum-2015\/wp-content\/uploads\/sites\/3\/2015\/05\/J2A0125-150x150.jpg\" class=\"attachment-thumbnail size-thumbnail\" alt=\"\" loading=\"lazy\" \/><\/a>\n\t\t\t<\/dt><\/dl><dl class='gallery-item'>\n\t\t\t<dt class='gallery-icon landscape'>\n\t\t\t\t<a href='https:\/\/partycypacjaobywatelska.pl\/forum-2015\/partycypacja-w-rewitalizacji\/_j2a0137-2\/'><img width=\"150\" height=\"150\" src=\"https:\/\/partycypacjaobywatelska.pl\/forum-2015\/wp-content\/uploads\/sites\/3\/2015\/05\/J2A0137-150x150.jpg\" class=\"attachment-thumbnail size-thumbnail\" alt=\"\" loading=\"lazy\" \/><\/a>\n\t\t\t<\/dt><\/dl>\n\t\t\t<br style='clear: both' \/>\n\t\t<\/div>\n\n<p>&nbsp;<\/p>\n<p><span style=\"color: #808080\"><strong>Materia\u0142y, z kt\u00f3rymi warto si\u0119 zapozna\u0107:<\/strong><\/span><\/p>\n<p><strong><a href=\"https:\/\/www.mir.gov.pl\/rozwoj_regionalny\/Polityka_regionalna\/rozwoj_miast\/Rewitalizacja\/Documents\/Projekt_ustawy_o_rewitalizacji_240415.pdf\" target=\"_blank\">Projekt Ustawy o rewitalizacji<\/a><\/strong><\/p>\n<p><a href=\"https:\/\/docs.google.com\/document\/d\/1XX29ZKClslZdI8Gi0Fe2PhNla_hV3TVk_KiTi5SnuTw\/edit?usp=sharing\" target=\"_blank\"><strong>Notatka z sesji<\/strong> a<\/a>utorstwa Marii Wi\u015bnickiej z Pracowni Bada\u0144 i Innowacji Spo\u0142ecznych &#8222;Stocznia&#8221;<\/p>\n<p><a href=\"http:\/\/ppnt.pl\/pl\/innowacje-spoleczne\" target=\"_blank\"><img loading=\"lazy\" class=\"  wp-image-1078 alignnone\" src=\"http:\/\/partycypacjaobywatelska.pl\/forum-2015\/wp-content\/uploads\/sites\/3\/2015\/05\/ppnt.png\" alt=\"ppnt\" width=\"205\" height=\"169\" srcset=\"https:\/\/partycypacjaobywatelska.pl\/forum-2015\/wp-content\/uploads\/sites\/3\/2015\/05\/ppnt.png 284w, https:\/\/partycypacjaobywatelska.pl\/forum-2015\/wp-content\/uploads\/sites\/3\/2015\/05\/ppnt-177x146.png 177w\" sizes=\"(max-width: 205px) 100vw, 205px\" \/><\/a><a href=\"http:\/\/partycypacjaobywatelska.pl\/forum-2015\/wp-content\/uploads\/sites\/3\/2015\/05\/53c678a548a06.jpg\">\u00a0\u00a0\u00a0 <\/a><a href=\"http:\/\/www.pzr.org.pl\" target=\"_blank\"><img loading=\"lazy\" class=\"  wp-image-731 alignnone\" src=\"http:\/\/partycypacjaobywatelska.pl\/forum-2015\/wp-content\/uploads\/sites\/3\/2015\/05\/logo-PZR.jpg\" alt=\"logo PZR\" width=\"376\" height=\"117\" srcset=\"https:\/\/partycypacjaobywatelska.pl\/forum-2015\/wp-content\/uploads\/sites\/3\/2015\/05\/logo-PZR.jpg 403w, https:\/\/partycypacjaobywatelska.pl\/forum-2015\/wp-content\/uploads\/sites\/3\/2015\/05\/logo-PZR-300x93.jpg 300w, https:\/\/partycypacjaobywatelska.pl\/forum-2015\/wp-content\/uploads\/sites\/3\/2015\/05\/logo-PZR-177x55.jpg 177w\" sizes=\"(max-width: 376px) 100vw, 376px\" \/><\/a><\/p>\n<p>&nbsp;<\/p>\n<p>&nbsp;<\/p>\n","protected":false},"excerpt":{"rendered":"<p>Prowadz\u0105cy: Aleksandra D\u0119bska-Cenian, Pomorski Park Naukowo Technologiczny \/\/ Innowacje Spo\u0142eczne Gdynia Pawe\u0142 Ko\u0142acz, Pracownia Zr\u00f3wnowa\u017conego Rozwoju Termin: 1 dzie\u0144 (28 maja, czwartek), godz. 15:45-17:45 Miejsce: III pi\u0119tro, strefa H Formu\u0142a sesji:\u00a0sesja dyskusyjna &nbsp; Wiele obszar\u00f3w miejskich w Polsce wci\u0105\u017c mo\u017cna okre\u015bli\u0107 mianem obszar\u00f3w zdegradowanych. Wymagaj\u0105 one kompleksowej i skutecznej rewitalizacji. Dlatego na realizacj\u0119 dzia\u0142a\u0144 zwi\u0105zanych [&hellip;]<\/p>\n","protected":false},"author":1,"featured_media":0,"parent":0,"menu_order":0,"comment_status":"open","ping_status":"open","template":"template-forum_praktykow.php","meta":[],"_links":{"self":[{"href":"https:\/\/partycypacjaobywatelska.pl\/forum-2015\/wp-json\/wp\/v2\/pages\/1073"}],"collection":[{"href":"https:\/\/partycypacjaobywatelska.pl\/forum-2015\/wp-json\/wp\/v2\/pages"}],"about":[{"href":"https:\/\/partycypacjaobywatelska.pl\/forum-2015\/wp-json\/wp\/v2\/types\/page"}],"author":[{"embeddable":true,"href":"https:\/\/partycypacjaobywatelska.pl\/forum-2015\/wp-json\/wp\/v2\/users\/1"}],"replies":[{"embeddable":true,"href":"https:\/\/partycypacjaobywatelska.pl\/forum-2015\/wp-json\/wp\/v2\/comments?post=1073"}],"version-history":[{"count":4,"href":"https:\/\/partycypacjaobywatelska.pl\/forum-2015\/wp-json\/wp\/v2\/pages\/1073\/revisions"}],"predecessor-version":[{"id":1651,"href":"https:\/\/partycypacjaobywatelska.pl\/forum-2015\/wp-json\/wp\/v2\/pages\/1073\/revisions\/1651"}],"wp:attachment":[{"href":"https:\/\/partycypacjaobywatelska.pl\/forum-2015\/wp-json\/wp\/v2\/media?parent=1073"}],"curies":[{"name":"wp","href":"https:\/\/api.w.org\/{rel}","templated":true}]}}