{"id":34,"date":"2016-01-22T17:55:16","date_gmt":"2016-01-22T16:55:16","guid":{"rendered":"http:\/\/partycypacjaobywatelska.pl\/forum-2014\/?page_id=34"},"modified":"2021-07-19T09:53:03","modified_gmt":"2021-07-19T07:53:03","slug":"program","status":"publish","type":"page","link":"https:\/\/partycypacjaobywatelska.pl\/forum-2014\/program\/","title":{"rendered":"Program"},"content":{"rendered":"<p style=\"text-align: center;\">Opisy wszystkich sesji znajduj\u0105 si\u0119 <a href=\"http:\/\/partycypacjaobywatelska.pl\/forum-2018\/wp-content\/uploads\/sites\/10\/2021\/07\/fpp_broszura04.pdf\">w tej broszurze<\/a><\/p>\n<table style=\"height: 898px; width: 543px;\" width=\"503\" cellspacing=\"0\">\n<tbody>\n<tr>\n<td style=\"width: 200px;\">9:30 &#8211; 10:30<\/td>\n<td><strong>Rejestracja uczestnik\u00f3w<br \/>\n<\/strong>parter<\/td>\n<td><\/td>\n<\/tr>\n<tr>\n<td>10:30 &#8211; 11:20<\/td>\n<td><strong>Rozpocz\u0119cie Forum<br \/>\n<\/strong>III pi\u0119tro<\/td>\n<td><\/td>\n<\/tr>\n<tr>\n<td>11:20 &#8211; 11:55<\/td>\n<td><strong>Wyst\u0105pienie wprowadzaj\u0105ce<\/strong><br \/>\n<em>Kuba Wygna\u0144ski, Pracownia Bada\u0144 i Innowacji Spo\u0142ecznych &#8222;Stocznia&#8221;<\/em><\/td>\n<td><\/td>\n<\/tr>\n<tr>\n<td>11:55 &#8211; 12:10<\/td>\n<td><strong>Przedstawienie architektury Forum<\/strong><\/td>\n<td><\/td>\n<\/tr>\n<tr>\n<td>12.10 &#8211; 12.30<\/td>\n<td><em>Przerwa na kaw\u0119<\/em><\/td>\n<td><\/td>\n<\/tr>\n<tr>\n<td>12:30 &#8211; 14:00<\/td>\n<td><strong>6 r\u00f3wnolegle pracuj\u0105cych grup<\/strong><br \/>\nWyzwania zwi\u0105zane z bud\u017cetem partycypacyjnym (grupa 1)<br \/>\nO granicach partycypacji (grupa 1)<br \/>\nJak dotrze\u0107 do tych, do kt\u00f3rych dotrze\u0107 jest trudno? (grupa 1)<br \/>\nO wyzwaniach partycypacji w ma\u0142ych o\u015brodkach i gminach wiejskich<br \/>\nO problemie reprezentatywno\u015bci w procesach partycypacyjnych (grupa 1)<br \/>\nWykorzystanie narz\u0119dzi ICT w dzia\u0142aniach partycypacyjnych<\/td>\n<td><\/td>\n<\/tr>\n<tr>\n<td>14:00 &#8211; 15:00<\/td>\n<td><em>Lunch<\/em><\/td>\n<td><\/td>\n<\/tr>\n<tr>\n<td>15:00 &#8211; 16:30<\/td>\n<td><strong>5 r\u00f3wnolegle pracuj\u0105cych grup<\/strong><br \/>\nWyzwania zwi\u0105zane z bud\u017cetem partycypacyjnym (grupa 2)<br \/>\nJak &#8222;zagnie\u017cd\u017ca\u0107&#8221; partycypacj\u0119 w strukturze urz\u0119du? (grupa 1)<br \/>\nEwaluacja proces\u00f3w partycypacyjnych<br \/>\nO problemie reprezentatywno\u015bci w procesach partycypacyjnych (grupa 2)<br \/>\nPartycypacja &#8211; koniec eksperymentu? (grupa 1)<\/td>\n<td><\/td>\n<\/tr>\n<tr>\n<td>16:30 &#8211; 16:50<\/td>\n<td><em>Przerwa na kaw\u0119<\/em><\/td>\n<td><\/td>\n<\/tr>\n<tr>\n<td>16:50 &#8211; 18:20<\/td>\n<td><strong><strong>4 r\u00f3wnolegle pracuj\u0105ce grupy<\/strong><br \/>\n<\/strong>Jak &#8222;zagnie\u017cd\u017ca\u0107&#8221; partycypacj\u0119 w strukturze urz\u0119du? (grupa 2)<br \/>\nPartycypacja &#8211; koniec eksperymentu? (grupa 2)<br \/>\nO granicach partycypacji (grupa 2)<br \/>\nJak dotrze\u0107 do tych, do kt\u00f3rych dotrze\u0107 jest trudno? (grupa 2)<\/td>\n<td><\/td>\n<\/tr>\n<tr>\n<td>18:20 &#8211; 20:00<\/td>\n<td><strong>Kolacja<br \/>\n<\/strong>II pi\u0119tro<\/td>\n<td><\/td>\n<\/tr>\n<tr>\n<td>od 20:00<\/td>\n<td><strong>Aktywno\u015bci wieczorne<\/strong><\/td>\n<td><\/td>\n<\/tr>\n<tr>\n<td>od 21:00<\/td>\n<td><strong>Set Miejski w barze STUDIO<\/strong><\/td>\n<td><\/td>\n<\/tr>\n<\/tbody>\n<\/table>\n<p><!--more--><\/p>\n<p style=\"text-align: center;\">Opisy wszystkich sesji znajduj\u0105 si\u0119 <a href=\"http:\/\/partycypacjaobywatelska.pl\/forum-2018\/wp-content\/uploads\/sites\/10\/2021\/07\/fpp_broszura04.pdf\">w tej broszurze<\/a><\/p>\n<table style=\"height: 52px; width: 507px;\" width=\"507\" cellspacing=\"0\">\n<tbody>\n<tr>\n<td style=\"width: 200px;\">8:45 &#8211; 9:45<\/td>\n<td><strong>Spotkania \u015bniadaniowe<\/strong><\/td>\n<\/tr>\n<tr>\n<td>10:00 &#8211; 11:30<\/td>\n<td><strong>I blok sesji<br \/>\n<\/strong> Trolle w partycypacji<br \/>\nBilans kadencji w\u0142adz samorz\u0105dowych<br \/>\nMakropartycypacja \u2013 czy to mo\u017cliwe?<br \/>\nCia\u0142a konsultacyjne a procesy partycypacyjne?<br \/>\nWykorzystanie narz\u0119dzi ICT w dzia\u0142aniach partycypacyjnych wok\u00f3\u0142 przestrzeni publicznych<\/td>\n<\/tr>\n<tr>\n<td>11:30 &#8211; 11:50<\/td>\n<td><em>Przerwa na kaw\u0119<\/em><\/td>\n<\/tr>\n<tr>\n<td>11:50 &#8211; 13:20<\/td>\n<td><strong><strong>II blok sesji<br \/>\n<\/strong><\/strong>Czy partycypacja potrzebuje zmian w prawie?<br \/>\nPacjenci decyduj\u0105! \u2013 eksperyment partycypacji w ochronie zdrowia<br \/>\nDigital Social Innovation<br \/>\nFestiwal pora\u017cek<br \/>\nO sensownych konsultacjach plan\u00f3w zagospodarowania przestrzennego<br \/>\nMetody partycypacyjne i mediacyjne w konfliktach spo\u0142ecznych \u2013 konflikty w procesach partycypacyjnych<\/td>\n<\/tr>\n<tr>\n<td>13:20 &#8211; 14:20<\/td>\n<td><em>Lunch<\/em><\/td>\n<\/tr>\n<tr>\n<td>14:20 &#8211; 16:15<\/td>\n<td><strong>Sesja plenarna i zako\u0144czenie Forum<br \/>\n<\/strong>III pi\u0119tro<\/td>\n<\/tr>\n<\/tbody>\n<\/table>\n","protected":false},"excerpt":{"rendered":"<p>Opisy wszystkich sesji znajduj\u0105 si\u0119 w tej broszurze 9:30 &#8211; 10:30 Rejestracja uczestnik\u00f3w parter 10:30 &#8211; 11:20 Rozpocz\u0119cie Forum III pi\u0119tro 11:20 &#8211; 11:55 Wyst\u0105pienie wprowadzaj\u0105ce Kuba Wygna\u0144ski, Pracownia Bada\u0144 i Innowacji Spo\u0142ecznych &#8222;Stocznia&#8221; 11:55 &#8211; 12:10 Przedstawienie architektury Forum 12.10 &#8211; 12.30 Przerwa na kaw\u0119 12:30 &#8211; 14:00 6 r\u00f3wnolegle pracuj\u0105cych grup Wyzwania zwi\u0105zane [&hellip;]<\/p>\n","protected":false},"author":73,"featured_media":0,"parent":0,"menu_order":0,"comment_status":"open","ping_status":"open","template":"template-forum_program.php","meta":[],"_links":{"self":[{"href":"https:\/\/partycypacjaobywatelska.pl\/forum-2014\/wp-json\/wp\/v2\/pages\/34"}],"collection":[{"href":"https:\/\/partycypacjaobywatelska.pl\/forum-2014\/wp-json\/wp\/v2\/pages"}],"about":[{"href":"https:\/\/partycypacjaobywatelska.pl\/forum-2014\/wp-json\/wp\/v2\/types\/page"}],"author":[{"embeddable":true,"href":"https:\/\/partycypacjaobywatelska.pl\/forum-2014\/wp-json\/wp\/v2\/users\/73"}],"replies":[{"embeddable":true,"href":"https:\/\/partycypacjaobywatelska.pl\/forum-2014\/wp-json\/wp\/v2\/comments?post=34"}],"version-history":[{"count":3,"href":"https:\/\/partycypacjaobywatelska.pl\/forum-2014\/wp-json\/wp\/v2\/pages\/34\/revisions"}],"predecessor-version":[{"id":3339,"href":"https:\/\/partycypacjaobywatelska.pl\/forum-2014\/wp-json\/wp\/v2\/pages\/34\/revisions\/3339"}],"wp:attachment":[{"href":"https:\/\/partycypacjaobywatelska.pl\/forum-2014\/wp-json\/wp\/v2\/media?parent=34"}],"curies":[{"name":"wp","href":"https:\/\/api.w.org\/{rel}","templated":true}]}}