{"id":30,"date":"2016-01-22T17:52:58","date_gmt":"2016-01-22T16:52:58","guid":{"rendered":"http:\/\/partycypacjaobywatelska.pl\/forum-2014\/?page_id=30"},"modified":"2016-03-21T18:06:01","modified_gmt":"2016-03-21T17:06:01","slug":"materialy-2","status":"publish","type":"page","link":"https:\/\/partycypacjaobywatelska.pl\/forum-2014\/materialy-2\/","title":{"rendered":"Materia\u0142y z FPP"},"content":{"rendered":"<p>Zach\u0119camy do zapoznania si\u0119 z materia\u0142ami z Forum: mo\u017cna znale\u017a\u0107 w\u015br\u00f3d nich teksty podsumowuj\u0105ce wybrane sesje tematyczne, przygotowane przez prowadz\u0105cych poszczeg\u00f3lne spotkania, nagrania z wybranych sesji, kt\u00f3re mia\u0142y miejsce w trakcie Forum, prezentacje multimedialne, broszur\u0119 konferencyjn\u0105 do przejrzenia w wersji online oraz d\u0142u\u017csz\u0105 wersj\u0119 video-reporta\u017cu z Forum.<\/p>\n<p><iframe loading=\"lazy\" width=\"550\" height=\"315\" src=\"https:\/\/www.youtube.com\/embed\/nPaJ0Qv1h7Y\" frameborder=\"0\" allowfullscreen=\"allowfullscreen\"><\/iframe><\/p>\n<p><strong>BROSZURA KONFERENCYJNA<\/strong><br \/>\n<iframe loading=\"lazy\" src=\"\/\/v.calameo.com\/?bkcode=00355306327cfbfaea242\" width=\"600\" height=\"400\" frameborder=\"0\" scrolling=\"no\" allowtransparency allowfullscreen==\"allowfullscreen\" style=\"margin:0 auto\"><\/iframe><\/p>\n<p><strong>TEKSTY<\/strong><\/p>\n<p>Aleksandra D\u0119bska-Cenian, Piotr Skrzypczak, <a href=\"http:\/\/archiwum.partycypacjaobywatelska.pl\/wp-content\/uploads\/2014\/10\/jak-docierac-do-trudnych-grup.pdf\">Jak dotrze\u0107 do tych, do kt\u00f3rych dotrze\u0107 jest trudno?<\/a><\/p>\n<p>Pawe\u0142 Jaworski, <a href=\"http:\/\/archiwum.partycypacjaobywatelska.pl\/wp-content\/uploads\/2014\/10\/partycypacja-w-planowaniu-przestrzennym.pdf\">Partycypacja w planowaniu przestrzennym<\/a><\/p>\n<p>Piotr Skrzypczak, <a href=\"http:\/\/archiwum.partycypacjaobywatelska.pl\/wp-content\/uploads\/2014\/10\/trolle-w-partycypacji.pdf\">Trolle w partycypacji<\/a><\/p>\n<p>Oktawiusz Chrzanowski, <a href=\"http:\/\/archiwum.partycypacjaobywatelska.pl\/wp-content\/uploads\/2014\/10\/ma\u0142e-o\u015brodki.pdf\">Mitologia ma\u0142ych miejscowo\u015bci<\/a><\/p>\n<p>Notatki ze wszystkich sesji mo\u017cna znale\u017a\u0107 na dedykowanych im podstronach w zak\u0142adce <a href=\"http:\/\/archiwum.partycypacjaobywatelska.pl\/program\/\">Program<\/a>.<\/p>\n<p><strong>PREZENTACJE<\/strong><\/p>\n<p><a href=\"http:\/\/archiwum.partycypacjaobywatelska.pl\/wp-content\/uploads\/2014\/05\/Peter-Baeck-DSI-warsaw-final.pdf\">Peter Baeck, NESTA &#8211; &#8222;Digital Social Innovation&#8221;<\/a><\/p>\n<p><a href=\"http:\/\/archiwum.partycypacjaobywatelska.pl\/wp-content\/uploads\/2014\/10\/Edward-Andersson-Stocznia-presentation-03.pdf\">Edward Andersson, Involve &#8211; &#8222;Makropartycypacja &#8211; czy to mo\u017cliwe?&#8221;<\/a><\/p>\n<p><strong>FILMY<\/strong><\/p>\n<p>Kuba Wygna\u0144ski &#8211; wprowadzenie do Forum Praktyk\u00f3w Partycypacji<\/p>\n<p><iframe loading=\"lazy\" width=\"500\" height=\"281\" src=\"https:\/\/www.youtube.com\/embed\/buUnoNzs648?feature=oembed\" frameborder=\"0\" allowfullscreen><\/iframe><\/p>\n<p>Edward Andersson, INVOLVE &#8211; sesja &#8222;Makropartycypacja &#8211; czy to mo\u017cliwe?&#8221;<\/p>\n<p><iframe loading=\"lazy\" width=\"500\" height=\"281\" src=\"https:\/\/www.youtube.com\/embed\/phdqXoeatsY?feature=oembed\" frameborder=\"0\" allowfullscreen><\/iframe><\/p>\n<p>Peter Baeck, NESTA &#8211; sesja &#8222;Digital Social Innovation&#8221;<\/p>\n<p><iframe loading=\"lazy\" width=\"500\" height=\"281\" src=\"https:\/\/www.youtube.com\/embed\/Qm4q0sNJzY0?feature=oembed\" frameborder=\"0\" allowfullscreen><\/iframe><\/p>\n<p>Justyna Piwko, Marcin Bazylak &#8211; sesja &#8222;Wyzwania bud\u017cetu partycypacyjnego&#8221;<\/p>\n<p><iframe loading=\"lazy\" width=\"500\" height=\"281\" src=\"https:\/\/www.youtube.com\/embed\/R0qykbeUGxY?feature=oembed\" frameborder=\"0\" allowfullscreen><\/iframe><\/p>\n<p>Anna Petroff-Skiba , Krzysztof \u015alebioda &#8211; &#8222;O granicach partycypacji&#8221;<\/p>\n<p><iframe loading=\"lazy\" width=\"500\" height=\"281\" src=\"https:\/\/www.youtube.com\/embed\/kfStxHJy42o?feature=oembed\" frameborder=\"0\" allowfullscreen><\/iframe><\/p>\n","protected":false},"excerpt":{"rendered":"<p>Zach\u0119camy do zapoznania si\u0119 z materia\u0142ami z Forum: mo\u017cna znale\u017a\u0107 w\u015br\u00f3d nich teksty podsumowuj\u0105ce wybrane sesje tematyczne, przygotowane przez prowadz\u0105cych poszczeg\u00f3lne spotkania, nagrania z wybranych sesji, kt\u00f3re mia\u0142y miejsce w trakcie Forum, prezentacje multimedialne, broszur\u0119 konferencyjn\u0105 do przejrzenia w wersji online oraz d\u0142u\u017csz\u0105 wersj\u0119 video-reporta\u017cu z Forum. BROSZURA KONFERENCYJNA TEKSTY Aleksandra D\u0119bska-Cenian, Piotr Skrzypczak, Jak [&hellip;]<\/p>\n","protected":false},"author":73,"featured_media":0,"parent":0,"menu_order":0,"comment_status":"open","ping_status":"open","template":"template-forum_praktykow.php","meta":[],"_links":{"self":[{"href":"https:\/\/partycypacjaobywatelska.pl\/forum-2014\/wp-json\/wp\/v2\/pages\/30"}],"collection":[{"href":"https:\/\/partycypacjaobywatelska.pl\/forum-2014\/wp-json\/wp\/v2\/pages"}],"about":[{"href":"https:\/\/partycypacjaobywatelska.pl\/forum-2014\/wp-json\/wp\/v2\/types\/page"}],"author":[{"embeddable":true,"href":"https:\/\/partycypacjaobywatelska.pl\/forum-2014\/wp-json\/wp\/v2\/users\/73"}],"replies":[{"embeddable":true,"href":"https:\/\/partycypacjaobywatelska.pl\/forum-2014\/wp-json\/wp\/v2\/comments?post=30"}],"version-history":[{"count":6,"href":"https:\/\/partycypacjaobywatelska.pl\/forum-2014\/wp-json\/wp\/v2\/pages\/30\/revisions"}],"predecessor-version":[{"id":3333,"href":"https:\/\/partycypacjaobywatelska.pl\/forum-2014\/wp-json\/wp\/v2\/pages\/30\/revisions\/3333"}],"wp:attachment":[{"href":"https:\/\/partycypacjaobywatelska.pl\/forum-2014\/wp-json\/wp\/v2\/media?parent=30"}],"curies":[{"name":"wp","href":"https:\/\/api.w.org\/{rel}","templated":true}]}}

Materiały z FPP

<p>Zachęcamy do zapoznania się z materiałami z Forum: można znaleźć wśród nich teksty podsumowujące wybrane sesje tematyczne, przygotowane przez prowadzących poszczególne spotkania, nagrania z wybranych sesji, które miały miejsce w trakcie Forum, prezentacje multimedialne, broszurę konferencyjną do przejrzenia w wersji online oraz dłuższą wersję video-reportażu z Forum.</p>
<p><iframe loading="lazy" width="550" height="315" src="https://www.youtube.com/embed/nPaJ0Qv1h7Y" frameborder="0" allowfullscreen="allowfullscreen"></iframe></p>
<p><strong>BROSZURA KONFERENCYJNA</strong><br />
<iframe loading="lazy" src="//v.calameo.com/?bkcode=00355306327cfbfaea242" width="600" height="400" frameborder="0" scrolling="no" allowtransparency allowfullscreen=="allowfullscreen" style="margin:0 auto"></iframe></p>
<p><strong>TEKSTY</strong></p>
<p>Aleksandra Dębska-Cenian, Piotr Skrzypczak, <a href="http://archiwum.partycypacjaobywatelska.pl/wp-content/uploads/2014/10/jak-docierac-do-trudnych-grup.pdf">Jak dotrzeć do tych, do których dotrzeć jest trudno?</a></p>
<p>Paweł Jaworski, <a href="http://archiwum.partycypacjaobywatelska.pl/wp-content/uploads/2014/10/partycypacja-w-planowaniu-przestrzennym.pdf">Partycypacja w planowaniu przestrzennym</a></p>
<p>Piotr Skrzypczak, <a href="http://archiwum.partycypacjaobywatelska.pl/wp-content/uploads/2014/10/trolle-w-partycypacji.pdf">Trolle w partycypacji</a></p>
<p>Oktawiusz Chrzanowski, <a href="http://archiwum.partycypacjaobywatelska.pl/wp-content/uploads/2014/10/małe-ośrodki.pdf">Mitologia małych miejscowości</a></p>
<p>Notatki ze wszystkich sesji można znaleźć na dedykowanych im podstronach w zakładce <a href="http://archiwum.partycypacjaobywatelska.pl/program/">Program</a>.</p>
<p><strong>PREZENTACJE</strong></p>
<p><a href="http://archiwum.partycypacjaobywatelska.pl/wp-content/uploads/2014/05/Peter-Baeck-DSI-warsaw-final.pdf">Peter Baeck, NESTA &#8211; &#8222;Digital Social Innovation&#8221;</a></p>
<p><a href="http://archiwum.partycypacjaobywatelska.pl/wp-content/uploads/2014/10/Edward-Andersson-Stocznia-presentation-03.pdf">Edward Andersson, Involve &#8211; &#8222;Makropartycypacja &#8211; czy to możliwe?&#8221;</a></p>
<p><strong>FILMY</strong></p>
<p>Kuba Wygnański &#8211; wprowadzenie do Forum Praktyków Partycypacji</p>
<p><iframe loading="lazy" width="500" height="281" src="https://www.youtube.com/embed/buUnoNzs648?feature=oembed" frameborder="0" allowfullscreen></iframe></p>
<p>Edward Andersson, INVOLVE &#8211; sesja &#8222;Makropartycypacja &#8211; czy to możliwe?&#8221;</p>
<p><iframe loading="lazy" width="500" height="281" src="https://www.youtube.com/embed/phdqXoeatsY?feature=oembed" frameborder="0" allowfullscreen></iframe></p>
<p>Peter Baeck, NESTA &#8211; sesja &#8222;Digital Social Innovation&#8221;</p>
<p><iframe loading="lazy" width="500" height="281" src="https://www.youtube.com/embed/Qm4q0sNJzY0?feature=oembed" frameborder="0" allowfullscreen></iframe></p>
<p>Justyna Piwko, Marcin Bazylak &#8211; sesja &#8222;Wyzwania budżetu partycypacyjnego&#8221;</p>
<p><iframe loading="lazy" width="500" height="281" src="https://www.youtube.com/embed/R0qykbeUGxY?feature=oembed" frameborder="0" allowfullscreen></iframe></p>
<p>Anna Petroff-Skiba , Krzysztof Ślebioda &#8211; &#8222;O granicach partycypacji&#8221;</p>
<p><iframe loading="lazy" width="500" height="281" src="https://www.youtube.com/embed/kfStxHJy42o?feature=oembed" frameborder="0" allowfullscreen></iframe></p>

<p>Zachęcamy do zapoznania się z materiałami z Forum: można znaleźć wśród nich teksty podsumowujące wybrane sesje tematyczne, przygotowane przez prowadzących poszczególne spotkania, nagrania z wybranych sesji, które miały miejsce w trakcie Forum, prezentacje multimedialne, broszurę konferencyjną do przejrzenia w wersji online oraz dłuższą wersję video-reportażu z Forum. BROSZURA KONFERENCYJNA TEKSTY Aleksandra Dębska-Cenian, Piotr Skrzypczak, Jak [&hellip;]</p>
